Let i = 29811 - 29792. Calculate the remainder when y is divided by i.
17
Let t(r) = -r**3 + 15*r**2 - 3*r - 53. Let i(s) = 3*s**2 - 14*s - 26. Let a be i(-2). What is the remainder when t(a) is divided by 52?
49
Suppose -2*s + 10108 = 4*h, -11899 = -3*h - 2*s - 4322. Calculate the remainder when h is divided by 24.
11
What is the remainder when (-20268)/(-93) - -1 - 44/(-682) is divided by 16?
11
Calculate the remainder when (62/3)/(112/5712) is divided by 11.
9
Let a = -10088 - -10117. What is the remainder when 5883 is divided by a?
25
Suppose 40 = -p + 3*l + 13, l = -2*p - 47. What is the remainder when 114 is divided by 2 - 1 - (-14 + p + 10)?
27
Let s = 13770 - 11651. What is the remainder when s is divided by 703?
10
Suppose 0 = 3*c - 2*p + 2 - 18, 5*c + 10 = -4*p. Calculate the remainder when (-480)/(-264) + (-4)/(-22) is divided by c.
0
Let o = 9552 + -9275. Calculate the remainder when 4429 is divided by o.
274
Let x(w) = w**2 - 4. Let o(h) = h**3 + 13*h**2 + 15*h - 1. Calculate the remainder when o(-4) is divided by x(4).
11
Let k be ((-6)/(-4))/((-12)/8 - -2). Let w(p) = 9 - 24*p + k - 3*p - 2. What is the remainder when w(-3) is divided by 19?
15
Suppose -64*b + 768150 + 233514 = 0. Calculate the remainder when b is divided by 86.
85
Let z(a) = a**2 + 5*a + 5. Let u be z(-5). Let o = 1475 - 1471. Suppose r - 11 = -2*w + u, o*r = 8. Calculate the remainder when w is divided by 4.
3
Let h = 179 + -106. Calculate the remainder when h is divided by (66/(-88))/((152/224)/(-19)).
10
Suppose -20*i + 48753 = -9*i - 2*i. Calculate the remainder when i is divided by 18.
17
Suppose 4*m + 2 + 6 = 0, 2*q = -3*m + 56. Let g be -3 + 1 + -1 + q + 1. Suppose 38 = u + 5*i - g, u = 5*i + 47. Calculate the remainder when u is divided by 16.
9
Let c(k) = -2*k**2 + 43*k + 345. Let z be c(36). Let o = z - -1037. What is the remainder when o is divided by 71?
54
Let j be (-1)/(-2) - (-1860)/(-40). Let z = j - -240. Calculate the remainder when z is divided by 9.
5
Let h = 32198 + -32146. What is the remainder when 54 is divided by h?
2
Let p(s) = 20*s + 23. Let f be p(-5). Let v = -61 - f. Calculate the remainder when 158 is divided by v.
14
Let k = -78 + 54. Let w be 6/7*(-84)/k. Suppose -3*c + 14 = 4*j - 31, 3*j = -w*c + 48. Calculate the remainder when 72 is divided by c.
15
Let o = -352 + 355. Suppose 2*s - 14 = -o*m + 6*m, 0 = -3*s + 3*m + 24. Calculate the remainder when 67 is divided by s.
7
Suppose -h + 470 = 9*h. Let u = -53 + h. What is the remainder when (-9)/u*280/3 is divided by 47?
46
Let c = 285 - 185. Let l be ((-1120)/c)/(4/(-10)). Suppose -l*o = -26*o - 12. Calculate the remainder when 21 is divided by o.
3
Let y = -349 + 379. Suppose 395 = 5*d + 7*r - 2*r, -4*d = -4*r - 340. What is the remainder when d is divided by y?
22
Let t = 152 + -97. Let a(f) = 2*f**3 + 23*f**2 - 13*f + 4. Calculate the remainder when t is divided by a(-12).
7
Suppose -167*w = -170*w + 21. Suppose 0 = -v - w*v + 1400. Suppose 0 = 5*o - 5*y - v, o - 31 = -0*y + 2*y. Calculate the remainder when 153 is divided by o.
36
Calculate the remainder when 2/2 + (872 - -6)/(3/3) is divided by 218.
7
Suppose -405 = -10*y - 1315. Let j = y - -100. What is the remainder when j is divided by 5?
4
Suppose 20265 = 15*s - 14295. Suppose 6*k - s = -6*k. What is the remainder when 81 is divided by k/9 + ((-15)/9)/5?
18
Suppose 0 = -30*z + 32*z - 42. Let m(t) = -t + 10. Let x be m(3). Let o(h) = -h**2 + 11*h - 16. Calculate the remainder when z is divided by o(x).
9
Let h(r) = -r**2 - 9*r - 19. Let m be h(-6). Let z(o) = -133*o - 7. What is the remainder when z(m) is divided by 43?
40
What is the remainder when (-4)/(-60) - 594745/(-75) is divided by 77?
76
Suppose j + 3 = a - j, 3*a + 4*j + 1 = 0. Let i be 3*2/((45/10)/(-9)). Let l = 14 + i. Calculate the remainder when l is divided by a.
0
Let l = 625 - 417. Suppose -2*v + 64 = -42. What is the remainder when l is divided by v?
49
Suppose -2*c - v = -6 - 2, 4*v - 7 = -3*c. Suppose c*q - 10*q = -1075. What is the remainder when q is divided by 18?
17
Let g(q) = 15*q**2 + 586*q + 69. What is the remainder when 1929 is divided by g(-39)?
9
Suppose 49*d - 99 - 146 = 0. Let g(h) = -h**3 - 8*h**2 + h - 2. Let k be g(-8). What is the remainder when 2*d/k + 54 is divided by 19?
15
Suppose 0 = 5*p - 4*g + 537, 209 + 16 = -2*p + 5*g. Calculate the remainder when 628 is divided by p*(165/(-25) - -6).
61
Suppose 4*f - 65 = 425*m - 430*m, 4*f + 2*m = 74. Let u(j) = 59*j - 6. Calculate the remainder when u(2) is divided by f.
12
Let a(w) = 38*w + 51. Let s(v) = 2*v**2 - 2*v - 2. Let g be s(2). Calculate the remainder when 365 is divided by a(g).
111
Let t = -638 + 772. What is the remainder when 1473 is divided by t?
133
Suppose -2*h + 230 = -7*h. Let l = h + 184. What is the remainder when l is divided by 48?
42
Let z be ((-2)/6)/(5/(-30)). Let f be -3 + -6 + (-4 - -7). What is the remainder when ((-1008)/f)/z + 4/2 is divided by 30?
26
Let h = -301 - -726. Suppose -50*s - h = -55*s. What is the remainder when s is divided by 11?
8
Let p = 536 + -532. Let f = 381 + -216. Calculate the remainder when f is divided by p.
1
Let p = -68 + 88. Let l(s) = -s**2 + 26*s + 24. Calculate the remainder when l(p) is divided by 21.
18
Calculate the remainder when (-16414)/(-30) + ((-126)/(-1890))/((-2)/4) is divided by 10.
7
What is the remainder when 120 is divided by ((-4)/14 - (-1312)/(-56))/(4/(-14))?
37
Suppose -24878 = 10*v - 17225 - 87993. Calculate the remainder when v is divided by 7.
5
Let t(z) = 268*z**2 - 2402*z - 13. What is the remainder when t(9) is divided by 3?
2
Let h = 7486 - 7426. Let u(l) = 2*l + 6. What is the remainder when h is divided by u(8)?
16
Suppose 0 = -4*c + 3*w + 112, 50 + 34 = 3*c - 3*w. What is the remainder when (-2)/10 - (-2030)/25 is divided by c?
25
Let q(j) = -4*j**2 + 155*j - 1012. Calculate the remainder when 602 is divided by q(28).
26
Let f = -2 + 11. Let q(x) = x**3 - 7*x**2 - 14*x - 8. Calculate the remainder when q(f) is divided by (25/(-5))/((-2)/6).
13
Suppose 11*c - 5*c - 54 = 0. Suppose -5*a - c = -164. Calculate the remainder when 117 is divided by a.
24
Let q(o) = 204*o. Let v be q(1). Let g(k) = 26*k + 81. Let d be g(-3). Suppose c + d*c = v. What is the remainder when c is divided by 13?
12
What is the remainder when (2 - (-4574 - -1) - -1) + 564/94 is divided by 35?
32
What is the remainder when 95360/(-15)*558/(-124) is divided by 17?
14
Suppose 8*q = 10*q - 26. What is the remainder when 41/((3/(-4) + 360/96)/3) is divided by q?
2
Let o = 141 + -140. Calculate the remainder when o - (4 + (-630)/7) is divided by 22.
21
Suppose -23*n + 28*n = 3*b - 156, 2*b + 3*n = 85. Calculate the remainder when 1022 is divided by b.
35
Suppose -111 - 5 = -3*r + 103. Calculate the remainder when 10071 is divided by r.
70
Calculate the remainder when 7/168*4 - 10758/(-36) is divided by (((-1)/1 - -1) + 3)*26.
65
Let a(d) = 409*d - 9248. What is the remainder when 539 is divided by a(23)?
62
Suppose 63 - 9 = -3*x. Let s be 50/12 + 3/x. Suppose 83 - 27 = s*k. Calculate the remainder when 81 is divided by k.
11
Suppose -3*p = 3*n - 7*p - 11, -2*n + 12 = -5*p. Let z = 29643 - 29623. What is the remainder when 4*(n - (-207)/12) is divided by z?
13
Let r = -218 - -514. Suppose 17*t - 15*t = 3*l - r, 5*l + 2*t - 488 = 0. Calculate the remainder when l is divided by 9.
8
Suppose -3*d = 4*i + 46 - 137, 115 = 5*i + 4*d. Suppose 699 = 26*z - 29*z. Let x = -165 - z. Calculate the remainder when x is divided by i.
11
Suppose 4*b - 1089 = 3*w, 2*b = -2*w + 783 - 235. Suppose 228 = -5*h + b. What is the remainder when 40 is divided by h?
4
Suppose 5*d - 29 = 16. Let v(c) = -12*c + 121. Calculate the remainder when 479 is divided by v(d).
11
Let o(z) = -34*z**3 + 4*z**2 - 8*z + 2. Let y be o(4). Calculate the remainder when 273 is divided by y/(-90) + (-12)/15.
20
Let i be 2 + 0 + -1 + -2. Let q = 2431 - 2405. Calculate the remainder when q is divided by ((-4)/8)/i*28.
12
Let o(p) = -p + 29. Let r(v) be the second derivative of 11*v**3/6 - 3*v**2 + 7*v. Let l be r(2). What is the remainder when o(l) is divided by 7?
6
Let o(m) = -2*m**2 + 18*m + 2. Suppose 29 = 2*u + 13. Suppose -2*b - 2*t = -98, -b - b - 3*t = -94. Calculate t